[INFO] cloning repository https://github.com/Aaronepower/i8080
[INFO] running `Command { std: "git" "-c" "credential.helper=" "-c" "credential.helper=/workspace/cargo-home/bin/git-credential-null" "clone" "--bare" "https://github.com/Aaronepower/i8080" "/workspace/cache/git-repos/https%3A%2F%2Fgithub.com%2FAaronepower%2Fi8080", kill_on_drop: false }`
[INFO] [stderr] Cloning into bare repository '/workspace/cache/git-repos/https%3A%2F%2Fgithub.com%2FAaronepower%2Fi8080'...
[INFO] running `Command { std: "git" "rev-parse" "HEAD", kill_on_drop: false }`
[INFO] [stdout] 0ab152bd648a3e9bb22dac94e556cc9170f6f37e
[INFO] building Aaronepower/i8080 against master#881c1ac408d93bb7adaa3a51dabab9266e82eee8 for issue-85264
[INFO] running `Command { std: "git" "clone" "/workspace/cache/git-repos/https%3A%2F%2Fgithub.com%2FAaronepower%2Fi8080" "/workspace/builds/worker-11/source", kill_on_drop: false }`
[INFO] [stderr] Cloning into '/workspace/builds/worker-11/source'...
[INFO] [stderr] done.
[INFO] validating manifest of git repo https://github.com/Aaronepower/i8080 on toolchain 881c1ac408d93bb7adaa3a51dabab9266e82eee8
[INFO] running `Command { std: "/workspace/cargo-home/bin/cargo" "+881c1ac408d93bb7adaa3a51dabab9266e82eee8" "metadata" "--manifest-path" "Cargo.toml" "--no-deps", kill_on_drop: false }`
[INFO] started tweaking git repo https://github.com/Aaronepower/i8080
[INFO] finished tweaking git repo https://github.com/Aaronepower/i8080
[INFO] tweaked toml for git repo https://github.com/Aaronepower/i8080 written to /workspace/builds/worker-11/source/Cargo.toml
[INFO] crate git repo https://github.com/Aaronepower/i8080 already has a lockfile, it will not be regenerated
[INFO] running `Command { std: "/workspace/cargo-home/bin/cargo" "+881c1ac408d93bb7adaa3a51dabab9266e82eee8" "fetch" "--manifest-path" "Cargo.toml", kill_on_drop: false }`
[INFO] [stderr]  Downloading crates ...
[INFO] [stderr]   Downloaded core-foundation v0.4.6
[INFO] [stderr]   Downloaded piston-float v0.3.0
[INFO] [stderr]   Downloaded glutin v0.9.2
[INFO] [stderr]   Downloaded gl_generator v0.7.0
[INFO] [stderr]   Downloaded wayland-protocols v0.9.10
[INFO] [stderr]   Downloaded x11-dl v2.18.4
[INFO] [stderr]   Downloaded wayland-window v0.7.0
[INFO] [stderr]   Downloaded vecmath v0.3.1
[INFO] [stderr]   Downloaded serde v1.0.99
[INFO] [stderr]   Downloaded piston-shaders_graphics2d v0.3.1
[INFO] [stderr]   Downloaded stb_truetype v0.2.6
[INFO] [stderr]   Downloaded interpolation v0.1.0
[INFO] [stderr]   Downloaded core-foundation v0.3.0
[INFO] [stderr]   Downloaded proc-macro2 v1.0.1
[INFO] [stderr]   Downloaded pistoncore-input v0.19.0
[INFO] [stderr]   Downloaded gl_generator v0.6.1
[INFO] [stderr]   Downloaded image v0.15.0
[INFO] [stderr]   Downloaded piston-gfx_texture v0.26.0
[INFO] [stderr]   Downloaded rusttype v0.2.3
[INFO] [stderr]   Downloaded winit v0.7.6
[INFO] [stderr]   Downloaded piston-viewport v0.3.0
[INFO] [stderr]   Downloaded ears v0.4.0
[INFO] [stderr]   Downloaded piston v0.33.0
[INFO] [stderr]   Downloaded draw_state v0.7.1
[INFO] [stderr]   Downloaded core-graphics v0.8.2
[INFO] [stderr]   Downloaded objc v0.2.6
[INFO] [stderr]   Downloaded gfx_core v0.7.2
[INFO] [stderr]   Downloaded pistoncore-window v0.28.0
[INFO] [stderr]   Downloaded piston-texture v0.5.0
[INFO] [stderr]   Downloaded shader_version v0.2.2
[INFO] [stderr]   Downloaded serde_derive v1.0.99
[INFO] [stderr]   Downloaded pistoncore-glutin_window v0.39.1
[INFO] [stderr]   Downloaded gfx v0.16.3
[INFO] [stderr]   Downloaded read_color v0.1.0
[INFO] [stderr]   Downloaded png v0.9.0
[INFO] [stderr]   Downloaded core-foundation-sys v0.3.1
[INFO] [stderr]   Downloaded gfx_gl v0.4.0
[INFO] [stderr]   Downloaded piston_window v0.70.0
[INFO] [stderr]   Downloaded piston2d-gfx_graphics v0.43.0
[INFO] [stderr]   Downloaded gfx_device_gl v0.14.6
[INFO] [stderr]   Downloaded core-foundation-sys v0.4.6
[INFO] [stderr]   Downloaded pistoncore-event_loop v0.33.0
[INFO] [stderr]   Downloaded cocoa v0.9.2
[INFO] [stderr]   Downloaded piston2d-graphics v0.21.1
[INFO] [stderr]   Downloaded gl v0.6.5
[INFO] running `Command { std: "docker" "create" "-v" "/var/lib/crater-agent-workspace/builds/worker-11/target:/opt/rustwide/target:rw,Z" "-v" "/var/lib/crater-agent-workspace/builds/worker-11/source:/opt/rustwide/workdir:ro,Z" "-v" "/var/lib/crater-agent-workspace/cargo-home:/opt/rustwide/cargo-home:ro,Z" "-v" "/var/lib/crater-agent-workspace/rustup-home:/opt/rustwide/rustup-home:ro,Z" "-e" "SOURCE_DIR=/opt/rustwide/workdir" "-e" "CARGO_TARGET_DIR=/opt/rustwide/target" "-e" "CARGO_HOME=/opt/rustwide/cargo-home" "-e" "RUSTUP_HOME=/opt/rustwide/rustup-home" "-w" "/opt/rustwide/workdir" "-m" "1610612736" "--user" "0:0" "--network" "none" "ghcr.io/rust-lang/crates-build-env/linux@sha256:20528e8c29e4536546f0102ce88568b16ea7538393a33fcca951030f7af10457" "/opt/rustwide/cargo-home/bin/cargo" "+881c1ac408d93bb7adaa3a51dabab9266e82eee8" "metadata" "--no-deps" "--format-version=1", kill_on_drop: false }`
[INFO] [stdout] cf28be1931de156839d0b653ff7184caaa1ef4930b7219e61938351386c1b415
[INFO] [stderr] WARNING: Your kernel does not support swap limit capabilities or the cgroup is not mounted. Memory limited without swap.
[INFO] running `Command { std: "docker" "start" "-a" "cf28be1931de156839d0b653ff7184caaa1ef4930b7219e61938351386c1b415", kill_on_drop: false }`
[INFO] running `Command { std: "docker" "inspect" "cf28be1931de156839d0b653ff7184caaa1ef4930b7219e61938351386c1b415", kill_on_drop: false }`
[INFO] running `Command { std: "docker" "rm" "-f" "cf28be1931de156839d0b653ff7184caaa1ef4930b7219e61938351386c1b415", kill_on_drop: false }`
[INFO] [stdout] cf28be1931de156839d0b653ff7184caaa1ef4930b7219e61938351386c1b415
[INFO] running `Command { std: "docker" "create" "-v" "/var/lib/crater-agent-workspace/builds/worker-11/target:/opt/rustwide/target:rw,Z" "-v" "/var/lib/crater-agent-workspace/builds/worker-11/source:/opt/rustwide/workdir:ro,Z" "-v" "/var/lib/crater-agent-workspace/cargo-home:/opt/rustwide/cargo-home:ro,Z" "-v" "/var/lib/crater-agent-workspace/rustup-home:/opt/rustwide/rustup-home:ro,Z" "-e" "SOURCE_DIR=/opt/rustwide/workdir" "-e" "CARGO_TARGET_DIR=/opt/rustwide/target" "-e" "CARGO_INCREMENTAL=0" "-e" "RUST_BACKTRACE=full" "-e" "RUSTFLAGS=--cap-lints=forbid" "-e" "CARGO_HOME=/opt/rustwide/cargo-home" "-e" "RUSTUP_HOME=/opt/rustwide/rustup-home" "-w" "/opt/rustwide/workdir" "-m" "1610612736" "--user" "0:0" "--network" "none" "ghcr.io/rust-lang/crates-build-env/linux@sha256:20528e8c29e4536546f0102ce88568b16ea7538393a33fcca951030f7af10457" "/opt/rustwide/cargo-home/bin/cargo" "+881c1ac408d93bb7adaa3a51dabab9266e82eee8" "build" "--frozen" "--message-format=json", kill_on_drop: false }`
[INFO] [stdout] 0f6aa7066bdea1491f6261202f2650e9501e4791f4c231d1fe0a211e8cb34e02
[INFO] [stderr] WARNING: Your kernel does not support swap limit capabilities or the cgroup is not mounted. Memory limited without swap.
[INFO] running `Command { std: "docker" "start" "-a" "0f6aa7066bdea1491f6261202f2650e9501e4791f4c231d1fe0a211e8cb34e02", kill_on_drop: false }`
[INFO] [stderr]    Compiling autocfg v0.1.6
[INFO] [stderr]    Compiling libc v0.2.62
[INFO] [stderr]    Compiling cfg-if v0.1.9
[INFO] [stderr]    Compiling rand_core v0.4.2
[INFO] [stderr]    Compiling bitflags v0.9.1
[INFO] [stderr]    Compiling log v0.4.8
[INFO] [stderr]    Compiling lazy_static v1.4.0
[INFO] [stderr]    Compiling serde v0.9.15
[INFO] [stderr]    Compiling dtoa v0.4.4
[INFO] [stderr]    Compiling byteorder v1.3.2
[INFO] [stderr]    Compiling itoa v0.3.4
[INFO] [stderr]    Compiling bitflags v1.1.0
[INFO] [stderr]    Compiling semver-parser v0.7.0
[INFO] [stderr]    Compiling khronos_api v2.2.0
[INFO] [stderr]    Compiling arrayvec v0.4.11
[INFO] [stderr]    Compiling nodrop v0.1.13
[INFO] [stderr]    Compiling proc-macro2 v0.4.30
[INFO] [stderr]    Compiling proc-macro2 v1.0.1
[INFO] [stderr]    Compiling piston-float v0.3.0
[INFO] [stderr]    Compiling unicode-xid v0.2.0
[INFO] [stderr]    Compiling unicode-xid v0.1.0
[INFO] [stderr]    Compiling winapi-build v0.1.1
[INFO] [stderr]    Compiling syn v1.0.5
[INFO] [stderr]    Compiling syn v0.15.44
[INFO] [stderr]    Compiling scopeguard v1.0.0
[INFO] [stderr]    Compiling winapi v0.2.8
[INFO] [stderr]    Compiling rayon-core v1.5.0
[INFO] [stderr]    Compiling serde v1.0.99
[INFO] [stderr]    Compiling pkg-config v0.3.15
[INFO] [stderr]    Compiling bitflags v0.8.2
[INFO] [stderr]    Compiling maybe-uninit v2.0.0
[INFO] [stderr]    Compiling shader_version v0.2.2
[INFO] [stderr]    Compiling either v1.5.2
[INFO] [stderr]    Compiling adler32 v1.0.3
[INFO] [stderr]    Compiling khronos_api v1.0.1
[INFO] [stderr]    Compiling bitflags v0.7.0
[INFO] [stderr]    Compiling color_quant v1.0.1
[INFO] [stderr]    Compiling inflate v0.2.0
[INFO] [stderr]    Compiling scoped_threadpool v0.1.9
[INFO] [stderr]    Compiling piston-texture v0.5.0
[INFO] [stderr]    Compiling read_color v0.1.0
[INFO] [stderr]    Compiling interpolation v0.1.0
[INFO] [stderr]    Compiling linked-hash-map v0.5.2
[INFO] [stderr]    Compiling unicode-width v0.1.6
[INFO] [stderr]    Compiling piston-shaders_graphics2d v0.3.1
[INFO] [stderr]    Compiling ears v0.4.0
[INFO] [stderr]    Compiling vec_map v0.8.1
[INFO] [stderr]    Compiling draw_state v0.7.1
[INFO] [stderr]    Compiling xml-rs v0.6.1
[INFO] [stderr]    Compiling piston-viewport v0.3.0
[INFO] [stderr]    Compiling vecmath v0.3.1
[INFO] [stderr]    Compiling crossbeam-utils v0.6.6
[INFO] [stderr]    Compiling semver v0.9.0
[INFO] [stderr]    Compiling textwrap v0.11.0
[INFO] [stderr]    Compiling rand_core v0.3.1
[INFO] [stderr]    Compiling rand_jitter v0.1.4
[INFO] [stderr]    Compiling gif v0.9.2
[INFO] [stderr]    Compiling rand_hc v0.1.0
[INFO] [stderr]    Compiling rand_isaac v0.1.1
[INFO] [stderr]    Compiling rand_xorshift v0.1.1
[INFO] [stderr]    Compiling kernel32-sys v0.2.2
[INFO] [stderr]    Compiling xml-rs v0.7.0
[INFO] [stderr]    Compiling rustc_version v0.2.3
[INFO] [stderr]    Compiling num-traits v0.2.8
[INFO] [stderr]    Compiling rand_pcg v0.1.2
[INFO] [stderr]    Compiling rand_chacha v0.1.1
[INFO] [stderr]    Compiling rand v0.6.5
[INFO] [stderr]    Compiling num-integer v0.1.41
[INFO] [stderr]    Compiling num-iter v0.1.39
[INFO] [stderr]    Compiling piston2d-graphics v0.21.1
[INFO] [stderr]    Compiling log v0.3.9
[INFO] [stderr]    Compiling crossbeam-queue v0.1.2
[INFO] [stderr]    Compiling memoffset v0.5.1
[INFO] [stderr]    Compiling deflate v0.7.20
[INFO] [stderr]    Compiling stb_truetype v0.2.6
[INFO] [stderr]    Compiling x11-dl v2.18.4
[INFO] [stderr]    Compiling rand_os v0.1.3
[INFO] [stderr]    Compiling rand v0.4.6
[INFO] [stderr]    Compiling num_cpus v1.10.1
[INFO] [stderr]    Compiling fs2 v0.2.5
[INFO] [stderr]    Compiling shared_library v0.1.9
[INFO] [stderr]    Compiling atty v0.2.13
[INFO] [stderr]    Compiling quote v0.6.13
[INFO] [stderr]    Compiling quote v1.0.2
[INFO] [stderr]    Compiling crossbeam-epoch v0.7.2
[INFO] [stderr]    Compiling clap v2.33.0
[INFO] [stderr]    Compiling memmap v0.4.0
[INFO] [stderr]    Compiling osmesa-sys v0.1.2
[INFO] [stderr]    Compiling wayland-scanner v0.9.10
[INFO] [stderr]    Compiling gl_generator v0.5.5
[INFO] [stderr]    Compiling num-traits v0.1.43
[INFO] [stderr]    Compiling rusttype v0.2.3
[INFO] [stderr]    Compiling enum_primitive v0.1.1
[INFO] [stderr]    Compiling crossbeam-deque v0.6.3
[INFO] [stderr]    Compiling gl_generator v0.6.1
[INFO] [stderr]    Compiling gl_generator v0.7.0
[INFO] [stderr]    Compiling num-rational v0.1.42
[INFO] [stdout] error: linking with `cc` failed: exit status: 1
[INFO] [stdout]   |
[INFO] [stdout]   = note: "cc" "-m64" "-Wl,--eh-frame-hdr" "-Wl,-znoexecstack" "-Wl,--as-needed" "-L" "/opt/rustwide/rustup-home/toolchains/881c1ac408d93bb7adaa3a51dabab9266e82eee8/lib/rustlib/x86_64-unknown-linux-gnu/lib" "/opt/rustwide/target/debug/deps/ears-02e0c4a2301c0a97.ears.cp3jky95-cgu.0.rcgu.o" "/opt/rustwide/target/debug/deps/ears-02e0c4a2301c0a97.ears.cp3jky95-cgu.1.rcgu.o" "/opt/rustwide/target/debug/deps/ears-02e0c4a2301c0a97.ears.cp3jky95-cgu.10.rcgu.o" "/opt/rustwide/target/debug/deps/ears-02e0c4a2301c0a97.ears.cp3jky95-cgu.11.rcgu.o" "/opt/rustwide/target/debug/deps/ears-02e0c4a2301c0a97.ears.cp3jky95-cgu.12.rcgu.o" "/opt/rustwide/target/debug/deps/ears-02e0c4a2301c0a97.ears.cp3jky95-cgu.13.rcgu.o" "/opt/rustwide/target/debug/deps/ears-02e0c4a2301c0a97.ears.cp3jky95-cgu.14.rcgu.o" "/opt/rustwide/target/debug/deps/ears-02e0c4a2301c0a97.ears.cp3jky95-cgu.15.rcgu.o" "/opt/rustwide/target/debug/deps/ears-02e0c4a2301c0a97.ears.cp3jky95-cgu.2.rcgu.o" "/opt/rustwide/target/debug/deps/ears-02e0c4a2301c0a97.ears.cp3jky95-cgu.3.rcgu.o" "/opt/rustwide/target/debug/deps/ears-02e0c4a2301c0a97.ears.cp3jky95-cgu.4.rcgu.o" "/opt/rustwide/target/debug/deps/ears-02e0c4a2301c0a97.ears.cp3jky95-cgu.5.rcgu.o" "/opt/rustwide/target/debug/deps/ears-02e0c4a2301c0a97.ears.cp3jky95-cgu.6.rcgu.o" "/opt/rustwide/target/debug/deps/ears-02e0c4a2301c0a97.ears.cp3jky95-cgu.7.rcgu.o" "/opt/rustwide/target/debug/deps/ears-02e0c4a2301c0a97.ears.cp3jky95-cgu.8.rcgu.o" "/opt/rustwide/target/debug/deps/ears-02e0c4a2301c0a97.ears.cp3jky95-cgu.9.rcgu.o" "-o" "/opt/rustwide/target/debug/deps/libears-02e0c4a2301c0a97.so" "-Wl,--version-script=/tmp/rustcIcFrXd/list" "/opt/rustwide/target/debug/deps/ears-02e0c4a2301c0a97.f3uvofm6on5wtfw.rcgu.o" "-shared" "-Wl,-zrelro" "-Wl,-znow" "-nodefaultlibs" "-L" "/opt/rustwide/target/debug/deps" "-L" "/usr/local/opt/openal-soft/lib" "-L" "/usr/local/lib" "-L" "/opt/rustwide/rustup-home/toolchains/881c1ac408d93bb7adaa3a51dabab9266e82eee8/lib/rustlib/x86_64-unknown-linux-gnu/lib" "-lopenal" "-lsndfile" "-Wl,-Bstatic" "-Wl,--whole-archive" "/tmp/rustcIcFrXd/liblazy_static-dbe219c565973cc2.rlib" "-Wl,--no-whole-archive" "-Wl,--whole-archive" "/tmp/rustcIcFrXd/liblibc-dc278bb490eaf66d.rlib" "-Wl,--no-whole-archive" "-Wl,--start-group" "-L" "/opt/rustwide/rustup-home/toolchains/881c1ac408d93bb7adaa3a51dabab9266e82eee8/lib/rustlib/x86_64-unknown-linux-gnu/lib" "-Wl,-Bdynamic" "-lstd-c6dddd3d354e6bea" "-Wl,--end-group" "-Wl,-Bstatic" "/tmp/rustcIcFrXd/libcompiler_builtins-8b33f9cbbc9652fe.rlib" "-Wl,-Bdynamic" "-lutil" "-lgcc_s" "-lutil" "-lrt" "-lpthread" "-lm" "-ldl" "-lc"
[INFO] [stdout]   = note: /usr/bin/ld: cannot find -lsndfile
[INFO] [stdout]           collect2: error: ld returned 1 exit status
[INFO] [stdout]           
[INFO] [stdout] 
[INFO] [stdout] 
[INFO] [stdout] error: aborting due to previous error
[INFO] [stdout] 
[INFO] [stdout] 
[INFO] [stderr] error: could not compile `ears`
[INFO] [stderr] 
[INFO] [stderr] To learn more, run the command again with --verbose.
[INFO] [stderr] warning: build failed, waiting for other jobs to finish...
[INFO] [stdout] error[E0311]: the parameter type `K` may not live long enough
[INFO] [stdout]   --> /opt/rustwide/cargo-home/registry/src/github.com-1ecc6299db9ec823/rusttype-0.2.3/src/support/bst/map.rs:81:19
[INFO] [stdout]    |
[INFO] [stdout] 81 |             match node.force() {
[INFO] [stdout]    |                   ^^^^
[INFO] [stdout]    |
[INFO] [stdout] note: the parameter type `K` must be valid for the anonymous lifetime defined on the function body at 78:37...
[INFO] [stdout]   --> /opt/rustwide/cargo-home/registry/src/github.com-1ecc6299db9ec823/rusttype-0.2.3/src/support/bst/map.rs:78:37
[INFO] [stdout]    |
[INFO] [stdout] 78 |                 node: node::NodeRef<marker::Immut, K, V, marker::LeafOrInternal>)
[INFO] [stdout]    |                                     ^^^^^^^^^^^^^
[INFO] [stdout] 
[INFO] [stdout] 
[INFO] [stdout] error[E0311]: the parameter type `V` may not live long enough
[INFO] [stdout]   --> /opt/rustwide/cargo-home/registry/src/github.com-1ecc6299db9ec823/rusttype-0.2.3/src/support/bst/map.rs:81:19
[INFO] [stdout]    |
[INFO] [stdout] 81 |             match node.force() {
[INFO] [stdout]    |                   ^^^^
[INFO] [stdout]    |
[INFO] [stdout] note: the parameter type `V` must be valid for the anonymous lifetime defined on the function body at 78:37...
[INFO] [stdout]   --> /opt/rustwide/cargo-home/registry/src/github.com-1ecc6299db9ec823/rusttype-0.2.3/src/support/bst/map.rs:78:37
[INFO] [stdout]    |
[INFO] [stdout] 78 |                 node: node::NodeRef<marker::Immut, K, V, marker::LeafOrInternal>)
[INFO] [stdout]    |                                     ^^^^^^^^^^^^^
[INFO] [stdout] 
[INFO] [stdout] 
[INFO] [stdout] error: aborting due to 2 previous errors
[INFO] [stdout] 
[INFO] [stdout] 
[INFO] [stderr] error: build failed
[INFO] running `Command { std: "docker" "inspect" "0f6aa7066bdea1491f6261202f2650e9501e4791f4c231d1fe0a211e8cb34e02", kill_on_drop: false }`
[INFO] running `Command { std: "docker" "rm" "-f" "0f6aa7066bdea1491f6261202f2650e9501e4791f4c231d1fe0a211e8cb34e02", kill_on_drop: false }`
[INFO] [stdout] 0f6aa7066bdea1491f6261202f2650e9501e4791f4c231d1fe0a211e8cb34e02
